{"id":257,"date":"2015-09-25T11:29:11","date_gmt":"2015-09-25T09:29:11","guid":{"rendered":"http:\/\/wptest.bkr-support.de\/?page_id=257"},"modified":"2022-11-24T13:05:27","modified_gmt":"2022-11-24T12:05:27","slug":"ueber-uns","status":"publish","type":"page","link":"\/clickandbuilds\/mbbusinesssoftware\/ueber-uns\/","title":{"rendered":"\u00dcber uns"},"content":{"rendered":"<h1><span style=\"font-family: 'Open Sans';\">\u00dcber uns<\/span><\/h1>\n<p><span style=\"font-family: 'Open Sans';\">Die MB-Business Software GmbH ging 2015 aus der Software-Entwicklungssparte der Brokmann Informationsmanagement GmbH hervor. F\u00fcr namhafte Unternehmen wie <strong>Siemens, TADANO FAUN oder Datev <\/strong>sind Michael Ballis und sein Entwicklerteam bereits seit 1989 t\u00e4tig. Gemeinsam entwickeln sie seit 1998 Softwarel\u00f6sungen als kundenspezifische Erg\u00e4nzungen zu bestehenden IT-Infrastrukturen. Seit dem Jahr 2000 arbeitet unser interdisziplin\u00e4res Expertenteam in den aktuellen Gesch\u00e4ftsr\u00e4umen an der Entwicklung individueller Kundenl\u00f6sungen.<\/span><\/p>\n<p><span style=\"font-family: 'Open Sans';\"><div class=\"lts_block  lt_rounded \" style=\"background:#f5f5f5;color:#999999;\"><a href=\"https:\/\/mb-business-software.de\/wp-content\/uploads\/2015\/08\/mb1.png\"><img decoding=\"async\" loading=\"lazy\" class=\"wp-image-104 size-medium aligncenter\" style=\"padding-bottom: 20px;\" src=\"https:\/\/mb-business-software.de\/wp-content\/uploads\/2015\/08\/mb1-224x300.png\" alt=\"\" width=\"224\" height=\"300\" srcset=\"https:\/\/mb-business-software.de\/wp-content\/uploads\/2015\/08\/mb1-224x300.png 224w, https:\/\/mb-business-software.de\/wp-content\/uploads\/2015\/08\/mb1-763x1024.png 763w, https:\/\/mb-business-software.de\/wp-content\/uploads\/2015\/08\/mb1.png 951w\" sizes=\"(max-width: 224px) 100vw, 224px\" \/><\/a><\/span><\/p>\n<p><span style=\"font-family: 'Open Sans';\">Dipl.-Kfm. Michael Ballis ist als Gesch\u00e4ftsf\u00fchrer und Leiter der Softwareentwicklung der kreative Kopf bei der kundenspezifischen L\u00f6sungsfindung. Er studierte Betriebswirtschaft an der Uni Erlangen-N\u00fcrnberg, legte aber den Schwerpunkt auf die Informatik. Bereits vor dem Studium begann er mit der Erstellung von betriebswirtschaftlichen Computerprogrammen f\u00fcr diverse Firmen. Privat erfreut er sich besonders an gemeinsamen Unternehmungen mit seiner Familie.<\/div><\/span><\/p>\n","protected":false},"excerpt":{"rendered":"<p>\u00dcber uns Die MB-Business Software GmbH ging 2015 aus der Software-Entwicklungssparte der Brokmann Informationsmanagement GmbH hervor. F\u00fcr namhafte Unternehmen wie Siemens, TADANO FAUN oder Datev sind Michael Ballis und sein Entwicklerteam bereits seit 1989 t\u00e4tig. Gemeinsam entwickeln sie seit 1998 Softwarel\u00f6sungen als kundenspezifische Erg\u00e4nzungen zu bestehenden IT-Infrastrukturen. Seit dem Jahr 2000 arbeitet unser interdisziplin\u00e4res Expertenteam<br \/><a class=\"moretag\" href=\"\/clickandbuilds\/mbbusinesssoftware\/ueber-uns\/\">+ Lesen Sie mehr<\/a><\/p>\n","protected":false},"author":5,"featured_media":0,"parent":0,"menu_order":0,"comment_status":"closed","ping_status":"closed","template":"","meta":[],"yoast_head":"<!-- This site is optimized with the Yoast SEO plugin v19.14 - https:\/\/yoast.com\/wordpress\/plugins\/seo\/ -->\n<title>Wir \u00fcber uns.<\/title>\n<meta name=\"description\" content=\"Wir \u00fcber uns.\" \/>\n<meta name=\"robots\" content=\"index, follow, max-snippet:-1, max-image-preview:large, max-video-preview:-1\" \/>\n<link rel=\"canonical\" href=\"http:\/\/clickandbuilds\/mbbusinesssoftware\/ueber-uns\/clickandbuilds\/mbbusinesssoftware\/ueber-uns\/\" \/>\n<meta property=\"og:locale\" content=\"de_DE\" \/>\n<meta property=\"og:type\" content=\"article\" \/>\n<meta property=\"og:title\" content=\"Wir \u00fcber uns.\" \/>\n<meta property=\"og:description\" content=\"Wir \u00fcber uns.\" \/>\n<meta property=\"og:url\" content=\"\/clickandbuilds\/mbbusinesssoftware\/ueber-uns\/\" \/>\n<meta property=\"og:site_name\" content=\"mb-business-software\" \/>\n<meta property=\"article:modified_time\" content=\"2022-11-24T12:05:27+00:00\" \/>\n<meta property=\"og:image\" content=\"https:\/\/mb-business-software.de\/wp-content\/uploads\/2015\/08\/mb1-224x300.png\" \/>\n<meta name=\"twitter:card\" content=\"summary_large_image\" \/>\n<meta name=\"twitter:label1\" content=\"Gesch\u00e4tzte Lesezeit\" \/>\n\t<meta name=\"twitter:data1\" content=\"1\u00a0Minute\" \/>\n<script type=\"application\/ld+json\" class=\"yoast-schema-graph\">{\"@context\":\"https:\/\/schema.org\",\"@graph\":[{\"@type\":\"WebPage\",\"@id\":\"\/clickandbuilds\/mbbusinesssoftware\/ueber-uns\/\",\"url\":\"clickandbuilds\/mbbusinesssoftware\/ueber-uns\/clickandbuilds\/mbbusinesssoftware\/ueber-uns\/\",\"name\":\"Wir \u00fcber uns.\",\"isPartOf\":{\"@id\":\"\/clickandbuilds\/mbbusinesssoftware\/#website\"},\"datePublished\":\"2015-09-25T09:29:11+00:00\",\"dateModified\":\"2022-11-24T12:05:27+00:00\",\"description\":\"Wir \u00fcber uns.\",\"breadcrumb\":{\"@id\":\"clickandbuilds\/mbbusinesssoftware\/ueber-uns\/clickandbuilds\/mbbusinesssoftware\/ueber-uns\/#breadcrumb\"},\"inLanguage\":\"de\",\"potentialAction\":[{\"@type\":\"ReadAction\",\"target\":[\"clickandbuilds\/mbbusinesssoftware\/ueber-uns\/clickandbuilds\/mbbusinesssoftware\/ueber-uns\/\"]}]},{\"@type\":\"BreadcrumbList\",\"@id\":\"clickandbuilds\/mbbusinesssoftware\/ueber-uns\/clickandbuilds\/mbbusinesssoftware\/ueber-uns\/#breadcrumb\",\"itemListElement\":[{\"@type\":\"ListItem\",\"position\":1,\"name\":\"Startseite\",\"item\":\"\/clickandbuilds\/mbbusinesssoftware\/\"},{\"@type\":\"ListItem\",\"position\":2,\"name\":\"\u00dcber uns\"}]},{\"@type\":\"WebSite\",\"@id\":\"\/clickandbuilds\/mbbusinesssoftware\/#website\",\"url\":\"\/clickandbuilds\/mbbusinesssoftware\/\",\"name\":\"mb-business-software\",\"description\":\"MB Business Software - Perfekt auf Sie zugeschnitten\",\"publisher\":{\"@id\":\"\/clickandbuilds\/mbbusinesssoftware\/#organization\"},\"potentialAction\":[{\"@type\":\"SearchAction\",\"target\":{\"@type\":\"EntryPoint\",\"urlTemplate\":\"\/clickandbuilds\/mbbusinesssoftware\/?s={search_term_string}\"},\"query-input\":\"required name=search_term_string\"}],\"inLanguage\":\"de\"},{\"@type\":\"Organization\",\"@id\":\"\/clickandbuilds\/mbbusinesssoftware\/#organization\",\"name\":\"MB Business Software\",\"url\":\"\/clickandbuilds\/mbbusinesssoftware\/\",\"logo\":{\"@type\":\"ImageObject\",\"inLanguage\":\"de\",\"@id\":\"\/clickandbuilds\/mbbusinesssoftware\/#\/schema\/logo\/image\/\",\"url\":\"https:\/\/mb-business-software.de\/wp-content\/uploads\/2019\/05\/icon_MBBS.png\",\"contentUrl\":\"https:\/\/mb-business-software.de\/wp-content\/uploads\/2019\/05\/icon_MBBS.png\",\"width\":149,\"height\":115,\"caption\":\"MB Business Software\"},\"image\":{\"@id\":\"\/clickandbuilds\/mbbusinesssoftware\/#\/schema\/logo\/image\/\"}}]}<\/script>\n<!-- \/ Yoast SEO plugin. -->","yoast_head_json":{"title":"Wir \u00fcber uns.","description":"Wir \u00fcber uns.","robots":{"index":"index","follow":"follow","max-snippet":"max-snippet:-1","max-image-preview":"max-image-preview:large","max-video-preview":"max-video-preview:-1"},"canonical":"clickandbuilds\/mbbusinesssoftware\/ueber-uns\/clickandbuilds\/mbbusinesssoftware\/ueber-uns\/","og_locale":"de_DE","og_type":"article","og_title":"Wir \u00fcber uns.","og_description":"Wir \u00fcber uns.","og_url":"\/clickandbuilds\/mbbusinesssoftware\/ueber-uns\/","og_site_name":"mb-business-software","article_modified_time":"2022-11-24T12:05:27+00:00","og_image":[{"url":"https:\/\/mb-business-software.de\/wp-content\/uploads\/2015\/08\/mb1-224x300.png"}],"twitter_card":"summary_large_image","twitter_misc":{"Gesch\u00e4tzte Lesezeit":"1\u00a0Minute"},"schema":{"@context":"https:\/\/schema.org","@graph":[{"@type":"WebPage","@id":"\/clickandbuilds\/mbbusinesssoftware\/ueber-uns\/","url":"clickandbuilds\/mbbusinesssoftware\/ueber-uns\/clickandbuilds\/mbbusinesssoftware\/ueber-uns\/","name":"Wir \u00fcber uns.","isPartOf":{"@id":"\/clickandbuilds\/mbbusinesssoftware\/#website"},"datePublished":"2015-09-25T09:29:11+00:00","dateModified":"2022-11-24T12:05:27+00:00","description":"Wir \u00fcber uns.","breadcrumb":{"@id":"clickandbuilds\/mbbusinesssoftware\/ueber-uns\/clickandbuilds\/mbbusinesssoftware\/ueber-uns\/#breadcrumb"},"inLanguage":"de","potentialAction":[{"@type":"ReadAction","target":["clickandbuilds\/mbbusinesssoftware\/ueber-uns\/clickandbuilds\/mbbusinesssoftware\/ueber-uns\/"]}]},{"@type":"BreadcrumbList","@id":"clickandbuilds\/mbbusinesssoftware\/ueber-uns\/clickandbuilds\/mbbusinesssoftware\/ueber-uns\/#breadcrumb","itemListElement":[{"@type":"ListItem","position":1,"name":"Startseite","item":"\/clickandbuilds\/mbbusinesssoftware\/"},{"@type":"ListItem","position":2,"name":"\u00dcber uns"}]},{"@type":"WebSite","@id":"\/clickandbuilds\/mbbusinesssoftware\/#website","url":"\/clickandbuilds\/mbbusinesssoftware\/","name":"mb-business-software","description":"MB Business Software - Perfekt auf Sie zugeschnitten","publisher":{"@id":"\/clickandbuilds\/mbbusinesssoftware\/#organization"},"potentialAction":[{"@type":"SearchAction","target":{"@type":"EntryPoint","urlTemplate":"\/clickandbuilds\/mbbusinesssoftware\/?s={search_term_string}"},"query-input":"required name=search_term_string"}],"inLanguage":"de"},{"@type":"Organization","@id":"\/clickandbuilds\/mbbusinesssoftware\/#organization","name":"MB Business Software","url":"\/clickandbuilds\/mbbusinesssoftware\/","logo":{"@type":"ImageObject","inLanguage":"de","@id":"\/clickandbuilds\/mbbusinesssoftware\/#\/schema\/logo\/image\/","url":"https:\/\/mb-business-software.de\/wp-content\/uploads\/2019\/05\/icon_MBBS.png","contentUrl":"https:\/\/mb-business-software.de\/wp-content\/uploads\/2019\/05\/icon_MBBS.png","width":149,"height":115,"caption":"MB Business Software"},"image":{"@id":"\/clickandbuilds\/mbbusinesssoftware\/#\/schema\/logo\/image\/"}}]}},"_links":{"self":[{"href":"\/clickandbuilds\/mbbusinesssoftware\/wp-json\/wp\/v2\/pages\/257"}],"collection":[{"href":"\/clickandbuilds\/mbbusinesssoftware\/wp-json\/wp\/v2\/pages"}],"about":[{"href":"\/clickandbuilds\/mbbusinesssoftware\/wp-json\/wp\/v2\/types\/page"}],"author":[{"embeddable":true,"href":"\/clickandbuilds\/mbbusinesssoftware\/wp-json\/wp\/v2\/users\/5"}],"replies":[{"embeddable":true,"href":"\/clickandbuilds\/mbbusinesssoftware\/wp-json\/wp\/v2\/comments?post=257"}],"version-history":[{"count":51,"href":"\/clickandbuilds\/mbbusinesssoftware\/wp-json\/wp\/v2\/pages\/257\/revisions"}],"predecessor-version":[{"id":645,"href":"\/clickandbuilds\/mbbusinesssoftware\/wp-json\/wp\/v2\/pages\/257\/revisions\/645"}],"wp:attachment":[{"href":"\/clickandbuilds\/mbbusinesssoftware\/wp-json\/wp\/v2\/media?parent=257"}],"curies":[{"name":"wp","href":"https:\/\/api.w.org\/{rel}","templated":true}]}}